-2 - -1) - -4 - -5?
-3
Calculate 1 - (-7 - (7 + -15)).
0
What is (3 - 3) + -5 + (0 - -8)?
3
Calculate -6 - (-4 + (-4 - 3)) - 0.
5
Evaluate (-4 - -8) + -9 + -1.
-6
Evaluate 7 + (-8 - -4) - 2.
1
What is -5 - (-1 - (17 - 13))?
0
3 + -7 + (-3 - -3)
-4
Evaluate 5 - (-13 + 6 - -4).
8
What is 0 + 0 - -4 - 4 - 1?
-1
What is 0 + -7 - (19 - 26)?
0
4 + 2 + -4 - 0
2
Evaluate -3 - (1 - (-4 + 5 + 2)).
-1
Evaluate 2 + -2 - (1 + -3).
2
What is -7 + -2 - (-8 + 2)?
-3
What is -56 - -59 - (15 - 2)?
-10
What is (-17 - (6 + -12)) + 17?
6
Calculate 3 + (-5 + -16 - -9).
-9
-3 + -3 + -1 + 2 + 2
-3
What is -7 - (4 + 1 - 11) - -4?
3
What is 0 - (5 - (-2 - -12))?
5
What is the value of -7 - -4 - (0 - 2)?
-1
-14 - -22 - (0 - -3)
5
Evaluate -39 - -35 - (-4 + -1 - -1).
0
Calculate (27 - 33) + (3 - 1) + 2.
-2
What is the value of (0 - (1 + -2 + 0)) + 2?
3
(32 - 29) + (0 - 3) + 6
6
What is the value of 3 - (0 + 1 - -1) - 3?
-2
Calculate 1 - (4 - (4 + 4)).
5
What is -2 - (6 + (0 - -4) + -6)?
-6
What is 2 - (-1 - -2 - 0)?
1
Calculate 0 + -8 + 7 + (1 - 2).
-2
What is (-46 - -43) + 5 + (-1 - 0)?
1
(-1 - -1) + 1 - (1 - 0)
0
What is 2 - (1 + (-5 - -3))?
3
Evaluate -3 - (-3 - -5 - 0) - -3.
-2
Calculate 1 + (7 - 8 - -6).
6
Evaluate 15 - (5 + -2 + 8 + -5).
9
-36 + 36 + -2 + -4 + 0
-6
5 - (5 - (2 + 7 + -5))
4
Evaluate 1 + (-10 - ((12 - 8) + -10)).
-3
What is the value of -9 - -18 - 10 - 4?
-5
Calculate -226 - -229 - (-1 + 0 + 9).
-5
Calculate (14 - 18) + (-1 - 1 - -3).
-3
Calculate 7 - (-1 + -3 + 9).
2
-1 - ((0 - -2) + 40 + -45)
2
Calculate 5 - 3 - (2 + -2 - -2).
0
Evaluate 5 + -1 - (-3 + -1).
8
What is the value of -1 + 0 + 18 - (-647 - -654)?
10
What is the value of -3 - (-3 + (3 - 2))?
-1
What is the value of 3 + 3 + 0 + -1 + -2?
3
-8 + (-2 - (-2 + -5))
-3
What is the value of -2 - (-4 + 1 + 2) - 1?
-2
Evaluate 3 + (2 - (-3 - -6 - -6)).
-4
What is the value of (0 - 11) + 2 + 2 - -11?
4
What is the value of -6 + -2 + -1 + 4 + 1?
-4
0 + (1 - 7 - -2)
-4
(6 - 0 - 4) + -8 + 2
-4
Evaluate (2 - (1 - 3)) + (-1 - 1).
2
What is the value of -1 + -3 + -1 + 0?
-5
What is -12 + 11 - (1 + 0 - 0)?
-2
Evaluate 2 + -2 + -1 + (3 - -4).
6
Evaluate 1 + -2 + 2 + (3 - 3).
1
What is 6 - (-4 + 8) - 5?
-3
What is -1 - (-6 - (-7 + 4))?
2
What is -5 + 3 + -1 + 0 - 2?
-5
Evaluate -5 + (0 - (-7 - -4)).
-2
What is (-6 - -6) + 0 + -1?
-1
What is (-10 - 11) + 5 - -11?
-5
Evaluate (-4 + 1 - 0) + 7.
4
-10 + -10 + 19 - (2 - 3)
0
1 - (1 + -4) - (-5 + 8)
1
Evaluate 2 - (-4 + 6) - -2.
2
What is the value of 0 + (1 + -1 - -3) + -1?
2
Calculate -9 + 5 - (-3 + 1).
-2
What is the value of 1 + 0 + 7 + (4 - 11)?
1
What is the value of -3 + (2 - 1) - (130 + -127)?
-5
What is -2 + 0 + 2 - (6 - 10)?
4
What is the value of (-1 - 4) + (-9 - -12) + 0?
-2
What is 2 - 4 - -7 - 3?
2
What is the value of 3 - (-12 - (-7 - 2))?
6
Evaluate 2 - (29 + -25 + (-8 - 2)).
8
Evaluate 30 + -32 - (0 + -2).
0
What is the value of -7 + (4 - 5 - -4)?
-4
What is the value of -3 + (-6 - -4 - -3)?
-2
Calculate -7 - (-3 + 6 - (-1 + 4)).
-7
What is 7 + (5 - 10) + 0 + 1?
3
What is the value of -1 + 3 - (7 + 0)?
-5
Evaluate (2 - -1) + (6 - (-1 + 9)).
1
Evaluate -1 - (-4 - -11) - -4.
-4
What is the value of -4 + -1 + 2 - (-7 - 0)?
4
What is the value of -6 - -9 - (1 - (2 + 0))?
4
What is -4 - (-3 + -1) - (3 + -1)?
-2
Evaluate -7 + 0 + (-3 - -5) + 7.
2
What is the value of (1 - 3) + 2 + 0 + -3?
-3
What is the value of 4 - (0 - -1 - 1)?
4
Calculate 6 + -1 + -4 + (-5 - -2).
-2
-8 + (7 - (5 - 1)) - -3
-2
Calculate -1 - (-2 - (-1 - 6)) - -4.
-2
Calculate 4 + (-2 - -1) - 3.
0
-3 - (-9 - -13) - -2
-5
What is the value of 5 + (-18 - -4 - (-2 + -3))?
-4
(6 - 0) + (25 - 31)
0
Evaluate (11 - 8) + (0 - 1) + 2.
4
Evaluate 5 + (-9 - -5 - -5 - 3).
3
Calculate -4 + (-4 - (-2 - -6 - 20)).
8
What is the value of -3 + (0 - -3) + 0 + -3?
-3
What is the value of 5 - 1 - (3 - 10 - -8)?
3
What is the value of -8 + (-4 - (-14 + 6)) - -9?
5
What is (-1 - -1) + -3 + (11 - 3)?
5
Calculate 6 - (6 - 0) - -1.
1
-6 - (2 + -5 + 2) - -6
1
-1 + -1 - -3 - 9 - -3
-5
What is (-2 - -4 - 10) + 4?
-4
-10 + -8 + 11 + 4 - 2
-5
Evaluate 3 + (3 - 3) - 3.
0
What is -3 - (-3 + (-7 - (0 - 2)))?
5
Calculate (983 - 984) + (1 - 2 - -1).
-1
What is the value of 4 - (-4 + (-2 - -4) - -3)?
3
-3 - (59 + -62 - (1 + -6))
-5
What is the value of 6 - (-4 + 2 + 8)?
0
5 + 6 - 12 - 6
-7
Evaluate (2 - (5 + -11)) + (-9 - 7).
-8
Calculate -3 + 0 - (1 + -4) - 6.
-6
What is -1 + (5 - 3 - -1 - -1)?
3
Evaluate -6 - (-15 - (1 - 9)).
1
Calculate 1 - (6 - 1) - -2.
-2
Evaluate 3 + -6 + (4 - (14 + -7)).
-6
(-1 - -7) + 46 + -62
-10
What is 18 - 15 - (5 + -2)?
0
What is (-8 - -6) + -1 + 0 + -1?
-4
What is the value of 3 + -7 + 6 - 0?
2
What is 8 + -10 + -1 + 3 + -1?
-1
What is the value of 2 + (-2 - -2) + -11 + 9?
0
(-6 - -4) + (3 - 1) + 1
1
Evaluate 5 - 10 - (-3 - (-1 - 2)).
-5
Calculate (1 - -7) + -55 + 52.
5
What is the value of 3 - ((3 - 2) + 1 - -1)?
0
-3 + -4 - (16 - 7 - 13)
-3
What is the value of (4 - (-3 - -2)) + -2 + 3?
6
What is -8 - (2 + -2 + -4)?
-4
2 + (-3 - 1) + 40 + -31
7
1 - ((4 - 6) + 4)
-1
What is (7 + -6 - 7 - -5) + -4?
-5
Calculate (-3 - 2) + (-2 - -2) + 2.
-3
What is the value of (0 - (-1 - 0)) + -1 + 2?
2
Evaluate -19 + 3 + 3 + 3 + 4.
-6
What is -17 + 17 - (4 + 1)?
-5
16 + -9 + -1 - (4 - 0)
2
Evaluate 2 - (1 + -3 + 4).
0
What is 2 + (-3 - (3 + -4)) + 2?
2
Evaluate (1 - (7 - 1)) + 2.
-3
Calculate 1 + 7 + -11 + 1.
-2
(-8 + 9 - -5 - 9) + -7
-10
-4 - -8 - (21 + -12) - 0
-5
Calculate (-2 - 2) + (2 - 2) - 0.
-4
Calculate -4 + -2 + 9 + (-2 - 1).
0
-1 + 1 + 6 + -3 + 0
3
Calculate 10 + -16 + -12 + 24.
6
Evaluate (-23 - (6 + -17)) + 20.
8
What is -6 + (6 - -1) + 1?
2
Evaluate -4 + -1 - (7 + -11).
-1
Evaluate -6 + (28 + -17 - (-1 + -5)).
11
What is -7 + 5 + -3 + (4 - -6)?
5
Calculate -3 + 8 + -10 - -12.
7
What is (-3 - (4 - 5)) + -3?
-5
What is the value of 11 + 0 - (-8 + 22)?
-3
(-2 - -2) + (-17 - -16) - 2
-3
Calculate 0 - ((-8 - -18) + -17).
7
What is (1 - -1) + (-39 - -31)?
-6
Calculate 17 - 13 - (0 - 0 - -2).
2
Evaluate 8 - (4 + (9 - 10)).
5
-4 + -1 - (4 - 14)
5
Evaluate -2 + (0 - 0 - 2).
-4
What is the value of (3 - 0) + -1 - 11?
-9
Calculate (1 - 0) + -5 + -3 + 8.
1
What is the value of (-1 - (1 - 4) - -1) + -2?
1
Calculate (6 - 19) + 19 + -1 + -12.
-7
What is the value of 6 + -1 + 0 + (-2 - 0)?
3
What is the value of (-6 - (-2 + 0)) + 5?
1
3 - ((-2 - 2) + 3 + 3)
1
What is -4 - (-2 - (6 - 4))?
0
What is the value of 8 - (-1 + (9 - 4))?
4
(2 - (-2 + 3)) + -1
0
Calculate 0 - (-5 + 0) - 1 - 1.
3
Evaluate -11 + (-7 - -16) + -5.
-7
-6 + 6 + (-6 - (-5 + 5))
-6
Evaluate -1 + 7 + (4 - (4 + 4)).
2
What is the value of 2 + 5 + -9 + (1 - 0)?
-1
Evaluate (9 - 0) + -28 + 19.
0
Evaluate (-4 + -3 + 1 - -1) + 7.
2
What is the value of -72 + 74 - (2 + 2 - 2)?
0
What is the value of (-13 - -11) + (1 - -1 - -2)?
2
What is -4 - (-5 + 0 + 0 - -5)?
-4
Evaluate 4 + 5 + -10 + 6.
5
What is (6 - 3) + 3 + 0 + -2?
4
Evaluate 0 + -1 + -1 + 1.
-1
3 + (2 - (10 - 6))
1
Evaluate -5 - (-3 + 6 - 7).
-1
0 + 7 - 5 - (-4 - -9)
-3
Evaluate -9 - 5 - -6 - -5.
-3
Evaluate -7 - (-1 + -5 + (1 - -1)).
-3
Evaluate 1 - ((-2 - -2) + (4 - 3)).
0
What is the value of 5 - (-1 - (2 + -2))?
6
-6 + (11 - -3) + -7
1
What is (13 - (3 - -4)) + -1?
5
What is the value of 2 - (-2 - (0 + -13 - -4))?
-5
What is the value of 0 - (2 - 2 - 4)?
4
What is the value of -8 - (-5 + (6 - 1) + -7)?
-1
What is 7 + -2 - (10 + 0)?
-5
Calculate 3 - (1 + -4 + 8) - -2.
0
What is the value of 2 - 5 - (2 - 3)?
-2
What is the value of (-3 - (6 + 3 + -8)) + 0?
-4
4 - (-3 + (9 - 7))
5
What is the value of (30 - 41) + (8 - 1)?
-4
2 + (-3 - (1 - 1))
-1
What is -8 + -8 + (20 - 10)?
-6
(10 - 4) + 0 + -21 + 9
-6
Calculate (7 - -6 - 9) + (0 - -1).
5
Calculate 0 - (3 - 5) - 5.
-3
What is 2 - (-4 - (-11 - -4 - -1))?
0
Calculate -1 + 2 - 5 - 0.
-4
What is the value of 1 - 2 - (-5 + 5)?
-1
What is the value of (2 - (-3 - -3)) + -5 + -2?
-5
-3 + (-2 - 6) - (6 - 12)
-5
Evaluate -3 + (4 - 6) - -10 - 0.
5
-2 - -4 - 4 - (-14 + 19)
-7
What is the value of (-2 - 0 - -5) + -2?
1
Calculate 45 + -54 + (-1 - -8).
-2
Evaluate -3 + 0 + -2 + (45 - 42).
-2
What is -5 - -4 - (-2 - 1)?
2
5 + -17 + 9 + 0
-3
Calculate -2 - ((1 + -3 - -2) + -3).
1
Calculate (8 - 6) + 11 - 8.
5
Evaluate (3 + -3 - -5) + (-9 - 1).
-5
(-2